, 3*g = 2*b - 203 + 804. Calculate the greatest common factor of g and 170.
5
Let w = 73 - 51. Suppose 4*y - w + 9 = 3*s, 3 = 2*y - 5*s. Suppose -2*v + 2*l + 268 = 0, v - 280 = -v - y*l. Calculate the highest common divisor of 8 and v.
8
Let s be 3 + (-31372)/77 + 4/(-7). Let v = -365 - s. What is the highest common divisor of 30 and v?
10
Let h be (-107 - -135)/((-1)/(-4)). What is the greatest common factor of 4060 and h?
28
Suppose 5*y - 11 = -1, -3*p - 4*y = -46424. What is the highest common factor of p and 16?
16
Let r(v) = 394*v + 9168. Let b be r(-5). Calculate the greatest common factor of b and 244.
122
Let f be 118*(12 - (-37)/(-3))/(2/(-174)). Calculate the greatest common divisor of f and 58.
58
Let z(q) = 30*q - 31*q + 517 + 23*q + 76*q. Let m be z(-5). Let d(s) = 27*s**2 - s + 1. Let l be d(1). What is the greatest common divisor of l and m?
27
Let f be 4/4*(2 + -2). Suppose 5*a = -3*b - 0*a + 31, -2*b + 4*a + 28 = f. Calculate the highest common divisor of 18 and b.
6
Let g = 23759 + -23201. What is the greatest common factor of 1152 and g?
18
Suppose -11*m = -13*m + g + 3493, -m - 2*g + 1739 = 0. What is the greatest common factor of 5 and m?
5
Let p(y) = 116*y + 1355. Let b be p(7). Calculate the highest common factor of 11 and b.
11
Let s be 4 + (-1 - (-2 + 1)). Let j be (28/(-98))/(2/(-56)). Let n = s + j. Calculate the greatest common divisor of n and 120.
12
Let a(d) = 7*d - 14. Let s be (2 + -1)/(14/4 + -3). Let h be a(s). Suppose 2*f = h, 3*k - 177 - 252 = 5*f. What is the highest common factor of 11 and k?
11
Let w be 1/2*(-5 - 5). Let p be (1/(-1))/(w/60). Suppose 0 = 112*t - 5550 + 1518. Calculate the highest common divisor of p and t.
12
Suppose -5*a + 8157 = 5*m - 988, -8 = -4*a. What is the highest common divisor of m and 28?
7
Let s = -20996 + 21424. What is the highest common divisor of 5350 and s?
214
Suppose -19*d + 15*d = -1288. Suppose 327*g - d*g = 55. Calculate the highest common factor of g and 341.
11
Let c = -146 + 156. Let f(n) = -n**2 + 19*n + 36. Let r be f(c). Calculate the highest common factor of r and 6.
6
Let o be (22/(-99))/((-2)/18). Let l be (5/10 - o)/((-6)/16). Let y = 9 - l. Calculate the greatest common factor of 20 and y.
5
Suppose -168 = -39*s + 11*s. Let r be (-15)/s*52/(-10) - -1. Suppose a = 6*a - 70. What is the greatest common factor of a and r?
14
Let q(z) = 32*z**2 - 2*z - 65*z**2 + 1 - 3 + 27*z**2 - 2*z**3. Let a be q(-4). What is the highest common divisor of 874 and a?
38
Suppose 2*a - q + 4 = 0, 23*a + 4*q - 16 = 20*a. Suppose 4*k + b = 712 + 909, 3*k + b - 1217 = a. What is the greatest common factor of k and 4?
4
Suppose 0*l + l - 239 = -i, -i = 0. Let n = 365 - l. Suppose -8*b + 5 + 139 = 0. What is the greatest common divisor of n and b?
18
Suppose 2*a - 50 = 3*y, 0*a - a = -3*y - 25. Let n = -182 - -213. Let z = n - a. What is the highest common divisor of z and 66?
6
Let d be (1 - -4) + 1151 - (-1 + 1). Calculate the greatest common divisor of d and 4.
4
Let v(b) = b**3 - 4*b**2 - b + 2. Let c be v(4). Let u be ((-28)/70)/(c/1280). What is the greatest common divisor of u and 32?
32
Let a(r) = 14*r - 74. Let l(z) = 29*z - 150. Let u(t) = 5*a(t) - 2*l(t). Let d be u(6). Calculate the greatest common divisor of d and 1.
1
Let x be (-150)/(-80) + -2 - (-915)/24. Suppose 4*a + 3 = 179. Suppose 3*l = a + 13. Calculate the highest common factor of x and l.
19
Let j be (40/75*(-34 + 40))/((-2)/(-65)). Suppose -3 - 21 = -3*r. Calculate the highest common factor of j and r.
8
Let u = -29 + 31918. What is the greatest common divisor of u and 22?
11
Let t(w) = 10*w - w**3 - 8*w**2 - 2*w**2 + 19*w**2 - 5. Let k be t(9). Let g = -46 + k. What is the greatest common divisor of g and 78?
39
Let v = -3592 + 3619. Calculate the greatest common divisor of v and 288.
9
Let f(g) = -4*g - 78. Let k(y) = -5*y - 156. Let o(r) = 5*f(r) - 2*k(r). Let i be o(-31). What is the greatest common divisor of 29 and i?
29
Suppose 0 = 4*a - 140*x + 142*x - 14420, 0 = 2*x + 4. What is the highest common divisor of a and 6?
6
Suppose -3*f - 29*f = 55*f - 65772. Calculate the highest common factor of 231 and f.
21
Suppose 2*a = 4*h - 8*h - 188, 0 = 5*a + 10. Suppose -113 = 3*v + 2*b, 8*v + b - 128 = 11*v. Let m = v - h. Calculate the highest common divisor of m and 20.
5
Suppose k = 3*z - 8*z + 110, -5*k = -25. Let x be (-6)/z - 216/(-28)*6. Calculate the highest common factor of x and 161.
23
Let y be ((-13)/3)/((-67)/2211). Calculate the highest common divisor of y and 1313.
13
Suppose 36*l - 2069 = 5838 + 4369. Calculate the greatest common factor of l and 737.
11
Let o be -7 - (70425/(-18))/(-5)*-2. Calculate the highest common factor of o and 38.
38
Suppose 0 = -21*w - 68*w + 159488. Calculate the greatest common divisor of 28 and w.
28
Let k = -514 + 1874. Calculate the greatest common factor of k and 400.
80
Suppose -11*l - 4 = -12*l. Let y be (424/(-4))/(l/(-2)). Suppose 4*z + 3*g - 49 = y, 3*z - 5*g - 91 = 0. Calculate the greatest common divisor of z and 9.
9
Let k = 2 + -2. Let t be 4/12 - (k - 56/(-6)). Let m be (-9)/t*(-1 + 15). What is the highest common factor of m and 14?
14
Let m = 1569 - -2552. Calculate the highest common factor of m and 26.
13
Let h be 3/(-6) - 162/(-4). Suppose 3*i + 45 = t, 5*i = -153 + 128. What is the greatest common divisor of t and h?
10
Let t(s) = 94*s - 16. Let n be t(37). Suppose 27*x + 870 = n. Calculate the greatest common divisor of x and 160.
32
Suppose 2*k - 2*d - 56 = 0, -1284*d - 9 = -3*k - 1286*d. Let g(i) = 202*i - 1. Let s be g(2). Calculate the highest common divisor of s and k.
13
Let i(a) = 967*a + 3913. Let d be i(-4). What is the highest common divisor of d and 755?
5
Let a = -123 + 129. Let x be -6 - 1/(a/(-1266)). What is the greatest common factor of 82 and x?
41
Suppose 65*k + 2*x = 66*k - 1242, 3684 = 3*k + x. Calculate the highest common divisor of k and 60.
30
Let m = 6926 - 6770. Calculate the greatest common factor of m and 299.
13
Let r(t) = 9*t**2 - 405*t + 315. Let u be r(74). Calculate the highest common divisor of 9 and u.
9
Let f(o) be the second derivative of 5*o**2 + 14*o + 0 - 1/3*o**3. Let m be f(-5). What is the highest common factor of 30 and m?
10
Suppose -27*y - 36 = -90. Let i be (3 - 1) + (5 - 2). Suppose -y*p + 96 = i*t, -4*t - 240 = -2*p - 3*p. Calculate the highest common factor of 12 and p.
12
Suppose 3*p - 12 = -3. Suppose p*g - 2*g = 1. Let f = -24 - -27. What is the greatest common factor of g and f?
1
Suppose -3*v - 4*v + 3633 = 0. Let y = v + -194. What is the highest common factor of 65 and y?
65
Let y = 362 + -358. Suppose x + y*m = 692, 4*x - x - 2097 = -5*m. What is the greatest common divisor of x and 11?
11
Let q be -7 - ((1 - 4)*51 + -4). Let o be (6 + -13)*-3*(9 - -1). What is the greatest common divisor of o and q?
30
Let j be 8 - ((-45)/(-36) - (-3)/4). Calculate the highest common divisor of 56 and j.
2
Suppose -25 = 4*k - 85. Let p be (6/12)/((217/840)/31). Calculate the greatest common divisor of k and p.
15
Let m be (4/(-6))/(10/(-165)). Let b(x) = x**3 - 16*x**2 + 16*x - 14. Let i be b(15). Let f = m - i. Calculate the greatest common factor of 70 and f.
10
Let v(h) = -h**3 - 6*h**2 + 2*h - 8. Let p be v(-7). Let i be (-4 - (1 + (-4)/1))*-3. Let j = p - i. Calculate the highest common divisor of 60 and j.
12
Suppose 5*q = 3*w - 1397, 8*w + 257 = -q + 3*w. Let l = 529 + q. Calculate the greatest common factor of l and 63.
63
Let r(t) = 2*t**3 + 2*t**2 + 1. Suppose 6*s + 4 = 8*s. Let y be r(s). Suppose -3*v + v + 350 = 0. What is the highest common factor of y and v?
25
Let b = 2037 - 1177. What is the highest common factor of 129 and b?
43
Let o = -146 + 328. Let w be (-18)/144*(-1096)/10 - (-9)/30. Calculate the highest common factor of w and o.
14
Let z(w) = 37 - w**2 - 2*w**2 - 21*w + 3*w**2 + w**2. Let d be z(20). Suppose -2*k + 85 = -d. What is the greatest common divisor of 17 and k?
17
Let g be (-1 - -5)*9/6. Let t be g/(-2) - 56/(-2). Let o be -10 + 10 + 4 - (-12)/2. Calculate the highest common factor of o and t.
5
Suppose 2*c - 670 = -3*n, 4*c = 4*n + 2*c - 884. Calculate the highest common divisor of n and 1184.
74
Let h be -3 - -4 - (-2 - 0). Suppose -3585*t + 3573*t + 612 = 0. What